5, 7, 19, 7753
List the prime factors of 1111292587.
23, 48317069
What are the prime factors of 47428168?
2, 1709, 3469
List the prime factors of 383522184.
2, 3, 59, 137, 659
List the prime factors of 26415176.
2, 983, 3359
List the prime factors of 486419683.
7307, 66569
What are the prime factors of 200309448?
2, 3, 8346227
List the prime factors of 584776716.
2, 3, 109, 647, 691
List the prime factors of 1604300172.
2, 3, 133691681
What are the prime factors of 64450908?
2, 3, 1790303
List the prime factors of 2854960215.
3, 5, 23, 269, 30763
List the prime factors of 255072088.
2, 31884011
List the prime factors of 54555813.
3, 13, 239, 1951
What are the prime factors of 183802534?
2, 31, 2964557
What are the prime factors of 109710223?
7, 79, 198391
List the prime factors of 26136532.
2, 6534133
List the prime factors of 393089657.
17, 23122921
What are the prime factors of 1176894?
2, 3, 151, 433
List the prime factors of 532008437.
211, 2521367
List the prime factors of 495483364.
2, 123870841
What are the prime factors of 102677676?
2, 3, 113, 75721
List the prime factors of 252985517.
17, 2819, 5279
List the prime factors of 62130292.
2, 7, 521, 4259
List the prime factors of 241098145.
5, 1847, 26107
List the prime factors of 944444958.
2, 3, 191, 824123
What are the prime factors of 14743574?
2, 7371787
List the prime factors of 83423123.
7, 37, 322097
List the prime factors of 39122846.
2, 7, 71, 39359
What are the prime factors of 3674032030?
2, 5, 71, 72883
What are the prime factors of 47079514?
2, 31, 233, 3259
List the prime factors of 2785284984.
2, 3, 116053541
List the prime factors of 25575844.
2, 7, 130489
What are the prime factors of 763878020?
2, 5, 38193901
What are the prime factors of 1859576244?
2, 3, 47, 241, 13681
List the prime factors of 99217944.
2, 3, 7, 28123
What are the prime factors of 136996977?
3, 13, 37, 67, 109
List the prime factors of 24990015.
3, 5, 691, 2411
List the prime factors of 35360885.
5, 7, 773, 1307
What are the prime factors of 182194052?
2, 199, 228887
List the prime factors of 1227724289.
11, 111611299
List the prime factors of 1008941404.
2, 252235351
What are the prime factors of 75034683?
3, 8337187
What are the prime factors of 371989738?
2, 185994869
List the prime factors of 4244486016.
2, 3, 17, 499, 1303
List the prime factors of 289068712.
2, 797, 45337
List the prime factors of 1368323686.
2, 2237, 305839
List the prime factors of 12426962.
2, 1601, 3881
What are the prime factors of 882460333?
2609, 338237
What are the prime factors of 16161784?
2, 2020223
What are the prime factors of 43302203?
7, 6186029
What are the prime factors of 244412964?
2, 3, 353, 2137
What are the prime factors of 1069075047?
3, 2281, 156229
What are the prime factors of 40885819?
13, 43, 73141
List the prime factors of 693516394.
2, 17, 41, 497501
What are the prime factors of 108031806?
2, 3, 401, 1663
List the prime factors of 8698546.
2, 4349273
What are the prime factors of 471745891?
281, 449, 3739
List the prime factors of 226140662.
2, 11, 10279121
What are the prime factors of 607641839?
7, 86805977
What are the prime factors of 620185809?
3, 206728603
List the prime factors of 130788338.
2, 269, 243101
List the prime factors of 155812123.
17, 9165419
List the prime factors of 4216288372.
2, 11239, 93787
List the prime factors of 664199951.
664199951
What are the prime factors of 2197613880?
2, 3, 5, 7, 11, 79279
What are the prime factors of 98492994?
2, 3, 5471833
List the prime factors of 29332930.
2, 5, 11, 266663
What are the prime factors of 910495766?
2, 127, 619, 5791
What are the prime factors of 101940444?
2, 3, 43, 271
What are the prime factors of 109216260?
2, 3, 5, 606757
List the prime factors of 3389708386.
2, 53, 31978381
List the prime factors of 87346775.
5, 107, 32653
List the prime factors of 1354546401.
3, 13, 3491, 9949
List the prime factors of 57281670.
2, 3, 5, 17, 29, 1291
What are the prime factors of 20680694?
2, 10340347
What are the prime factors of 755521771?
751, 1006021
What are the prime factors of 57383430?
2, 3, 5, 13, 147137
List the prime factors of 922573600.
2, 5, 13, 43, 2063
What are the prime factors of 5928297760?
2, 5, 7, 11, 389, 1237
What are the prime factors of 190200933?
3, 13, 103, 5261
List the prime factors of 15037772.
2, 313, 12011
What are the prime factors of 5043588815?
5, 17, 67, 541, 1637
List the prime factors of 490759473.
3, 43, 3804337
List the prime factors of 191806947.
3, 53, 281
What are the prime factors of 322605989?
322605989
List the prime factors of 952253644.
2, 238063411
What are the prime factors of 208035699?
3, 31, 2236943
List the prime factors of 180298792.
2, 53, 425233
What are the prime factors of 1479814?
2, 7, 105701
What are the prime factors of 29763108?
2, 3, 826753
What are the prime factors of 879381171?
3, 32569673
What are the prime factors of 550933?
167, 3299
What are the prime factors of 1709871500?
2, 5, 769, 4447
What are the prime factors of 42005611?
173, 242807
What are the prime factors of 59860981?
853, 70177
List the prime factors of 1172148634.
2, 59, 9933463
List the prime factors of 14718236.
2, 13, 19, 14897
What are the prime factors of 150755754?
2, 3, 23, 1092433
What are the prime factors of 45067675?
5, 1802707
What are the prime factors of 2402719750?
2, 5, 9610879
What are the prime factors of 841091413?
1559, 539507
List the prime factors of 24281207.
29, 837283
List the prime factors of 1785494591.
29, 67, 181, 5077
List the prime factors of 66965729.
1877, 35677
List the prime factors of 265521656.
2, 19, 313, 5581
List the prime factors of 14086612.
2, 3521653
What are the prime factors of 3197501728?
2, 99921929
What are the prime factors of 451155131?
7, 64450733
List the prime factors of 198680113.
647, 307079
List the prime factors of 136707905.
5, 281, 97301
What are the prime factors of 725834659?
11, 2897, 22777
What are the prime factors of 22778687?
22778687
List the prime factors of 96643249.
17, 1361, 4177
List the prime factors of 1600746341.
23, 241, 317, 911
List the prime factors of 13185804.
2, 3, 439, 2503
What are the prime factors of 1624319064?
2, 3, 23, 89, 103, 107
What are the prime factors of 54805732?
2, 37, 67, 5527
What are the prime factors of 764352517?
2207, 346331
What are the prime factors of 4386605006?
2, 7, 41, 7642169
What are the prime factors of 806835?
3, 5, 19, 149
List the prime factors of 743394722.
2, 7, 19, 2794717
List the prime factors of 221737778.
2, 1307, 84827
What are the prime factors of 59747805?
3, 5, 13, 109, 937
What are the prime factors of 5572883?
5572883
List the prime factors of 146483823.
3, 48827941
What are the prime factors of 150536036?
2, 7, 768041
List the prime factors of 2701627.
2701627
What are the prime factors of 99554909?
1381, 72089
What are the prime factors of 1462279714?
2, 7, 104448551
List the prime factors of 62483824.
2, 13, 23, 37, 353
What are the prime factors of 72464098?
2, 7, 17, 29, 10499
What are the prime factors of 4194496372?
2, 11, 2927, 32569
List the prime factors of 22857236.
2, 5714309
What are the prime factors of 284092978?
2, 13, 19, 575087
List the prime factors of 17503093.
17503093
List the prime factors of 3677772086.
2, 1838886043
List the prime factors of 3055868265.
3, 5, 203724551
What are the prime factors of 1070975808?
2, 3, 7, 265619
What are the prime factors of 38566744?
2, 17, 283579
List the prime factors of 552901827.
3, 4409, 41801
List the prime factors of 39520347.
3, 13173449
List the prime factors of 5874278539.
2411, 2436449
What are the prime factors of 42337990?
2, 5, 17, 37, 53, 127
List the prime factors of 38805157.
89, 436013
What are the prime factors of 1009797270?
2, 3, 5, 33659909
List the prime factors of 3420971651.
103, 33213317
What are the prime factors of 37336881?
3, 19, 655033
What are the prime factors of 970476074?
2, 101, 4804337
What are the prime factors of 43889200?
2, 5, 113, 971
List the prime factors of 188497417.
761, 247697
List the prime factors of 60996175.
5, 19, 128413
List the prime factors of 2164674731.
19, 61, 1867709
What are the prime factors of 10326963?
3, 1129, 3049
What are the prime factors of 65797